?
16
Calculate -5 - ((-3 - -7) + -7) - (-72 + (29 - 16)).
57
What is -26 + -33 + 60 + 8 - (-1 - -49)?
-39
What is the value of (5 + 11 - 10) + 1 - (-7 + 4 + -33)?
43
-478 + 459 + (30 - 1)
10
What is the value of 17 - (8 - (-2 + 18 + -1)) - (-19 + 6)?
37
What is the value of 55 + (0 + (-22 - -9) - -10) + -8 + 1?
45
-46 - 2 - 0 - (1276 - 1282)
-42
Calculate 33 + 34 + 5 + -37 + 10.
45
What is the value of (-33 - 8) + 166 + -182?
-57
Calculate 0 - 75 - (2 - 1 - 23 - (-6441 + 6429)).
-65
Evaluate (-20 - (3 - 2)) + -6648 + 6686.
17
What is the value of -4 + -22 + -4 - (8 - (-33 - -37))?
-34
(35 + (-30 - 70) - -19) + -10
-56
Evaluate 137 - 106 - (1 - 16).
46
Calculate -5 + (-6 + 6 - -6) - (-3 - (-7 + -6)).
-9
What is the value of -1 + 1 + (6 - (-1 + 53 + 6 + -2))?
-50
What is -25 + -3 + 5 + 2 - (-207 - -192)?
-6
-2 + -27 - (-98 + 54 + 36)
-21
What is (-30 - -139) + -208 + 26?
-73
What is -17 + 81 + (1 - (6 - -9)) + -9 + 17?
58
What is the value of -8 - -64 - (-803 + 815)?
44
What is 8 + (1 + -1 - -2) - (8530 - 8525)?
5
Evaluate -1971 + 1952 - (-37 + (0 - 2)).
20
10 + 0 + -94 + 46 + 53 + (1 - 172)
-156
Calculate 153 - (-18 - -160) - (-89 - (-2 + 0 - 1)).
97
What is the value of -2 + -3 - (-7 + 98 + -1 + -28)?
-67
What is -3 + 58 - (29 + -9 + -8 + -14)?
57
What is -13 + ((3 - (-7 - -13)) + -7 - -61)?
38
What is -1 + 21 + -129 + 75 + 35?
1
Evaluate -2 + 6 + 3 + -7 + (16 - 3) + 8.
21
106 + -30 - 77 - -30
29
Calculate 1 + ((3 - 3) + -3 - 4) + (-773 - -785).
6
209 - (53 - (120 + -178))
98
Calculate (-10 - -24 - (13 + -36)) + 2.
39
Evaluate (278 - 300) + (34 - -1) + 51.
64
What is -14 - (-18 + -17 + 16 + 4 - (22 - 7))?
16
What is (-10 - -3 - -19) + -15 + -19 + -22?
-44
-3 - ((-3 - -3) + 47 - (-57 + 116 + -50))
-41
What is (-42 - -17 - -99) + (-72 - -113)?
115
Evaluate 112 + (22 + -41 - -39 - 22 - -9).
119
Evaluate 1 + -105 + -45 + 96 + -34 - -11.
-76
Evaluate (-99 + (2 - (-12 + 24)) - -5) + -16 + 28.
-92
(3 - (121 + -2)) + 3008 + -3004
-112
Evaluate (32 - 59 - -11) + 11 - (1 + -62 + 3).
53
1800 + -1807 + (4 - -44)
41
0 + -2 - (0 - 0 - (-47 - (-4 + 8)))
-53
What is (-58 - (70 - 251)) + -87?
36
What is (-23 - (41 - (1 - -14))) + -4?
-53
What is the value of (-5 - 2) + 1 - (-5 - 79 - -7) - 10?
61
Evaluate -13 + 11 + (0 - (-1 + 2)) + -5 + 12.
4
Calculate (-6746 + 6737 - (37 - (2 + 0))) + -2 + 2.
-44
-24 - (-31 + (1 - (-5 - 25)))
-24
Calculate -8 - ((3 - (30 + -15)) + 5) - (5 + 51).
-57
-90 + 116 + (19 - -47)
92
(-5 - 13) + 28 - (46 - 25)
-11
What is -1130 + 1153 + -5 + 51 + 1?
70
-21 + -16 + 53 + -24
-8
Evaluate 58 + 1 + 7 + -6 + -5 + (25 - 24).
56
Evaluate 35 - (-42 + 59) - 70.
-52
What is the value of 12 + -16 + -7 + 12 + 14?
15
What is the value of 3 + 0 + -43 + (18 - (22 + 10 + -10))?
-44
What is -38 - (-1 + -8 + -1612 + 1615)?
-32
Calculate 3 + (-36 - -102) + -61.
8
What is -105 + -4 - (-56 - (-85 - -63))?
-75
What is (-1 + -15 + 26 - 14) + 8?
4
Evaluate 1 + (1 + 5 + (5 - 2) - (-1 + 17)).
-6
Evaluate (0 - 3) + (6 - 27) - (7 - -4).
-35
-18 + 37 - (38 + -14) - 50 - -5
-50
Evaluate (38 - (-12 + 11) - (-35 - -33)) + (-5 - 1).
35
What is (-66 - (40 + -24)) + (-4 - -26)?
-60
What is the value of 7 + -107 + 53 + 22?
-25
Evaluate (7 - (15 + 7)) + (9 - -58).
52
Evaluate -89 - -107 - (4 + 12).
2
What is (0 - -6) + (3 - -5 - (98 + -77))?
-7
What is -75 + 64 + -9 + -2 + -39?
-61
Calculate -39 + 33 - (41 - (-7 - -11)) - -6.
-37
-1 - (56 + -10 + 13 + -10 - -11 - -12)
-73
-60 - (-232 - (48 - 181))
39
What is the value of -17 + 3 - (-10 + (5 - 20) + 21)?
-10
What is the value of -15 - ((-7 - (-19 - -20)) + 1 - 89)?
81
-79 - ((92 - -21) + -258)
66
55 + (-2 - -4) + (-17 - -3) + 4 + 11
58
Evaluate -8 - ((1 - 58) + -4 + 7 + 1 - -2).
43
Evaluate 48 + 9 + -128 - -19.
-52
What is the value of -5 + -6 + 1 + -4 + 1 + -182 + 102?
-93
Calculate 85 + (-13 - -7) + (4 + -7 - 1 - 4).
71
Evaluate 14 + (1 - 2) - (4110 - 4092).
-5
What is -6 + -89 + 23 + -21 - (0 + 2 - 4)?
-91
Calculate (418 - 236) + -163 - (-21 + 2).
38
Calculate 12 + (-40 - (13 + (-4 - 23))).
-14
(2 + 5 - -92) + (-34 + 16 - (-20 + 0))
101
Calculate 14 - (19 + -72 + (30 - -13)).
24
What is the value of 39 - 1 - ((-59 + 61 - (0 - 1)) + 2)?
33
17 + -25 + -9 - -26 - (3 - -1 - -2)
3
Evaluate 15 + (8 - (-5 - -4 - -4)) + -35 + 35.
20
What is 51 - (-36 - -85 - -23)?
-21
What is 7 + 37 + -36 + -76?
-68
Calculate -11 - ((1 - -8) + -9 + (-3 - -20) + -124).
96
Evaluate 89 + 16 + (19 - (-7 + 43)) + -13.
75
-42 + (3 - (-54 - -35))
-20
What is 0 + 5 + 2 + 44 - (16 - 8)?
43
What is the value of -13 - (-14 + 7) - (-5 - (-7 - -11))?
3
What is the value of -17 + -56 + 16 + (18 - (-9 + 19))?
-49
Evaluate -106 + 5 + 9 - (-6 + 11 + 16 + -5).
-108
Evaluate 74 + -64 + (20 - -41).
71
What is (71 - (89 + -74)) + -2 + -35?
19
-82 + -1 + 11 + (-15 - (-23 - -30)) + 18
-76
What is the value of -6 - (14 + -18) - 2 - -2 - 22?
-24
What is the value of -7 - -16 - ((0 - -15) + 5)?
-11
What is 25 - (9 - 18) - 13?
21
Calculate 0 - 4 - (-273 - -287).
-18
What is -5 - -9 - -1 - 24 - (-30 - -55)?
-44
(16 - (-1 - -8)) + -78 - (-21 - -6)
-54
38 + -2 + 1 + (109 - 119)
27
(4 - 0) + (0 - -2 - (-28 + -58 + 68))
24
What is the value of 4 - (2 - (12 - (-13 - -8 - -9)) - 99)?
109
What is the value of (1 + -1 - (-1 + -1)) + 113 + -108 + -37?
-30
Calculate (49 - -4) + -99 - -15.
-31
Calculate (-254 - -254) + (5 + (0 - 3) - 1 - -72).
73
What is 41 + -45 + 27 + -32 + 28?
19
What is the value of 25 + -9 + -112 + 18 + 56?
-22
Calculate 11 + 1 + -2 + (70 - 16 - (11 + 5)).
48
Evaluate -43 - (31 - 27) - -24.
-23
Calculate -5 + (47 - (46 - -4)).
-8
Evaluate -1 + -10 - (7 + 1 + (24 - 127)).
84
What is -182 + (155 - 17) - -100?
56
(6 - -20) + -30 + -93 - 23
-120
41 + -23 - 61 - 20
-63
What is 13 + -1 + -7 + -9 - (-2 + -2 - -61)?
-61
-29 + 29 + -1 + -21 - -16 - (90 - -2)
-98
-582 + 590 - (-3 - (-77 + 4) - (-6 - -3))
-65
What is (-131 - -134) + (1 - 21) + 35 + 24?
42
(0 - 150) + (-3355 - -3369) + 47
-89
Evaluate 22 - (-4 + 6 - -33).
-13
What is the value of 658 + -702 + 49 + 0?
5
Calculate -42 + (12 - (2 - 14 - (-11 + -16))).
-45
Calculate -9 - (-9 + 22) - (13 - -1 - 11).
-25
What is the value of (-45 - (36 - 52)) + 32?
3
What is the value of (53 - -122) + -107 - (0 - (-15 - 0))?
53
(6 - 28) + (-20 + 26 - -50)
34
Calculate -53 + 105 + -47 + 12.
17
What is 165 + -175 + 1 + -3 + 38 + 3?
29
What is -66 + (10 - -21 - -6)?
-29
Evaluate -3 - -167 - (-1465 - -1553).
76
What is -16 - (-47 - -83 - 54)?
2
Evaluate 77 + 80 + -215 + (-27 - 1).
-86
What is the value of (-3 - 81) + 35 + -75 + 44?
-80
-5 + -2 - (-74 - (-49 - 30))
-12
What is the value of 48 - (-23 + (-17 - -85))?
3
What is 6 + (9 + 9 - 22) + (-2 - (-10 - -1))?
9
What is -3 + 42 + (10 - -22) + -43?
28
Evaluate (-23 - -3) + 4 + 19 - (1 + 3).
-1
What is the value of 39 + (-14 - 79 - -39)?
-15
What is the value of -98 + (18 + -46 - -30) + 49?
-47
What is (43 - (17 + -34 + -2 - -36)) + 10 + 0?
36
Evaluate 8 + -31 + -14 - (24 - 26).
-35
29 - (-18 + 37 + -3)
13
Calculate -36 + -27 + 66 + 12 - ((-3 - -4) + 2).
12
Evaluate 0 + -1 + 1 + (127 - 158) + 9.
-22
What is 1 + (79 - (-17 + 29)) - 19?
49
Calculate -9 + -7 + -3 + 2 + (17 - -20).
20
What is the value of 14 + (15 - 91) - (-182 - -156)?
-36
What is (30 - (35 + -17) - 23) + 62?
51
Evaluate -8 + 5 + 11 + -4 - (10 + -30 + 89).
-65
What is the value of (22 + -8 - 18) + 8 + (-45 + 6 - 3)?
-38
(-96 - -11 - (0 + -9)) + 28 + 3 + -21
-66
What is (0 - 1) + (18 - (12 - 18)) + -1?
22
Calculate (14 - ((16 - (-14 + 21)) + 0)) + -97.
-92
What is -81 + (112 - (118 - 60))?
-27
Calculate -14 - (-1144 + 1125 + (-89 - 1) + -14 + 0).
109
Evaluate 2 + -5 + 3 + 10 + 13 - 8.
15
-9 + (-16 + 12 - -8) + 18 + -3 - -42
52
Calculate -38 + 2 + ((9 - 8) + 6 - -1) + -5.
-33
What is -1731 - -1780 - (1 - 38)?
86
Calculate -100 - (-109 - (144 - 31)).
122
What is the value of 30 + ((-2 - 2) + -1 + 15 - 15)?
25
Evaluate -58 - -4 - (-219 + 215).
-50
Calculate (-208 - -263) + (-44 - -1).
12
What is -36 + (5 - 16) + -2 + 9 - (-2 + -1)?
-37
Calculate 1115 + -1202 - (-1 + -62).
-24
Calculate -12 + (1 + 2 - (-2 + 2) - -14 - 7).
-2
What is 71 - (31 + -61 + 2 + 26)?
73
2 - (-10 + -1 + 0 + -21 - 3)
37
Calculate 93 + -2 + 28 + -27 + -5.
87
-24 + -1 + -1 + -3 + -6 + (24 - 17)
-28
What is 21 - (68 + -3 + 6 - 11)?
-39
What is the v